t is the units digit of 195401?
1
What is the tens digit of 313654?
5
What is the tens digit of 884585?
8
What is the hundreds digit of 320478?
4
What is the ten thousands digit of 225848?
2
What is the tens digit of 2889950?
5
What is the ten thousands digit of 1032093?
3
What is the hundred thousands digit of 360580?
3
What is the units digit of 16739747?
7
What is the thousands digit of 51063?
1
What is the ten thousands digit of 38387864?
8
What is the thousands digit of 216726?
6
What is the thousands digit of 5118527?
8
What is the units digit of 37472565?
5
What is the hundreds digit of 274519?
5
What is the millions digit of 1114277?
1
What is the millions digit of 15683851?
5
What is the millions digit of 10573758?
0
What is the millions digit of 2009235?
2
What is the hundred thousands digit of 1603645?
6
What is the tens digit of 469982?
8
What is the thousands digit of 6375212?
5
What is the hundred thousands digit of 1869412?
8
What is the ten thousands digit of 3198724?
9
What is the units digit of 1100492?
2
What is the thousands digit of 1251525?
1
What is the hundreds digit of 237641?
6
What is the hundreds digit of 14183627?
6
What is the units digit of 395793?
3
What is the hundred thousands digit of 2583272?
5
What is the thousands digit of 13778698?
8
What is the tens digit of 1219711?
1
What is the tens digit of 11169423?
2
What is the millions digit of 1964181?
1
What is the units digit of 28328685?
5
What is the hundreds digit of 9186?
1
What is the units digit of 211104?
4
What is the tens digit of 823241?
4
What is the hundreds digit of 7209868?
8
What is the units digit of 5078127?
7
What is the thousands digit of 379734?
9
What is the hundreds digit of 225347?
3
What is the hundred thousands digit of 561455?
5
What is the units digit of 76290?
0
What is the millions digit of 11470374?
1
What is the units digit of 3376131?
1
What is the ten thousands digit of 3239578?
3
What is the hundreds digit of 367872?
8
What is the units digit of 7552237?
7
What is the hundred thousands digit of 27656624?
6
What is the units digit of 4184844?
4
What is the tens digit of 4247194?
9
What is the hundreds digit of 944531?
5
What is the hundreds digit of 80756?
7
What is the hundred thousands digit of 320689?
3
What is the thousands digit of 263131?
3
What is the tens digit of 216906?
0
What is the hundred thousands digit of 2762895?
7
What is the thousands digit of 11124285?
4
What is the tens digit of 25078662?
6
What is the units digit of 1684998?
8
What is the hundred thousands digit of 4807169?
8
What is the hundreds digit of 307808?
8
What is the tens digit of 7246607?
0
What is the units digit of 218713?
3
What is the ten thousands digit of 2078109?
7
What is the hundred thousands digit of 3095265?
0
What is the millions digit of 5938338?
5
What is the tens digit of 294122?
2
What is the millions digit of 14779157?
4
What is the ten thousands digit of 211884?
1
What is the ten thousands digit of 553659?
5
What is the hundreds digit of 219504?
5
What is the units digit of 2290725?
5
What is the tens digit of 216650?
5
What is the hundreds digit of 18048737?
7
What is the units digit of 260894?
4
What is the units digit of 7859614?
4
What is the thousands digit of 260603?
0
What is the hundreds digit of 370030?
0
What is the hundred thousands digit of 121851?
1
What is the ten thousands digit of 211789?
1
What is the hundreds digit of 125196?
1
What is the ten thousands digit of 360557?
6
What is the ten millions digit of 14089820?
1
What is the tens digit of 691771?
7
What is the units digit of 219129?
9
What is the hundred thousands digit of 166847?
1
What is the millions digit of 5970766?
5
What is the ten thousands digit of 739955?
3
What is the ten thousands digit of 1020566?
2
What is the millions digit of 11856787?
1
What is the millions digit of 2949533?
2
What is the hundreds digit of 366853?
8
What is the tens digit of 323121?
2
What is the hundreds digit of 10248569?
5
What is the thousands digit of 483305?
3
What is the hundred thousands digit of 323291?
3
What is the units digit of 6538603?
3
What is the hundred thousands digit of 7743124?
7
What is the hundred thousands digit of 847860?
8
What is the tens digit of 7850926?
2
What is the tens digit of 824138?
3
What is the hundreds digit of 9261888?
8
What is the millions digit of 2548422?
2
What is the millions digit of 6221820?
6
What is the units digit of 6943319?
9
What is the thousands digit of 263896?
3
What is the hundreds digit of 983358?
3
What is the units digit of 701334?
4
What is the ten thousands digit of 45211?
4
What is the thousands digit of 29672975?
2
What is the millions digit of 19854867?
9
What is the millions digit of 8914878?
8
What is the thousands digit of 3799498?
9
What is the hundred thousands digit of 1010840?
0
What is the tens digit of 13393?
9
What is the millions digit of 1274635?
1
What is the hundred thousands digit of 132113?
1
What is the hundreds digit of 255274?
2
What is the hundred thousands digit of 5470877?
4
What is the hundred thousands digit of 8193853?
1
What is the units digit of 717305?
5
What is the hundreds digit of 129654?
6
What is the thousands digit of 1485538?
5
What is the ten thousands digit of 1024325?
2
What is the tens digit of 331237?
3
What is the tens digit of 44958?
5
What is the units digit of 449776?
6
What is the hundred thousands digit of 1565284?
5
What is the ten thousands digit of 11184495?
8
What is the hundreds digit of 18452009?
0
What is the hundred thousands digit of 12394497?
3
What is the ten thousands digit of 18437061?
3
What is the hundreds digit of 1806861?
8
What is the ten thousands digit of 6581995?
8
What is the units digit of 231499?
9
What is the ten thousands digit of 6640141?
4
What is the hundred thousands digit of 5362384?
3
What is the millions digit of 23801730?
3
What is the millions digit of 5587593?
5
What is the units digit of 162460?
0
What is the units digit of 14120147?
7
What is the millions digit of 2277240?
2
What is the units digit of 295041?
1
What is the hundreds digit of 44319?
3
What is the units digit of 6843253?
3
What is the hundred thousands digit of 240514?
2
What is the ten millions digit of 14208899?
1
What is the hundred thousands digit of 1017066?
0
What is the units digit of 2197838?
8
What is the units digit of 289670?
0
What is the thousands digit of 7372185?
2
What is the thousands digit of 810421?
0
What is the hundreds digit of 12097859?
8
What is the units digit of 6815408?
8
What is the hundred thousands digit of 690575?
6
What is the thousands digit of 6034046?
4
What is the tens digit of 3532885?
8
What is the thousands digit of 136399?
6
What is the units digit of 1914?
4
What is the hundred thousands digit of 168116?
1
What is the tens digit of 583095?
9
What is the tens digit of 135589?
8
What is the thousands digit of 7322825?
2
What is the ten thousands digit of 717475?
1
What is the tens digit of 35229?
2
What is the hundreds digit of 3978818?
8
What is the ten thousands digit of 511886?
1
What is the units digit of 6611359?
9
What is the tens digit of 454708?
0
What is the hundred thousands digit of 18181476?
1
What is the units digit of 441735?
5
What is the units digit of 3149061?
1
What is the hundred thousands digit of 1869319?
8
What is the ten thousands digit of 987753?
8
What is the ten millions digit of 10443730?
1
What is the tens digit of 580188?
8
What is the hundreds digit of 1403605?
6
What is the ten thousands digit of 25881320?
8
What is the ten millions digit of 30866735?
3
What is the thousands digit of 4989622?
9
What is the tens digit of 37679?
7
What is the millions digit of 18977154?
8
What is the ten thousands digit of 5717440?
1
What is the hundred thousands digit of 252735?
2
What is the units digit of 2601302?
2
What is the units digit of 1977615?
5
What is the hundreds digit of 5725443?
4
What is the hundreds digit of 1533162?
1
What is the hundreds digit of 1164344?
3
What is the hundred thousands digit of 1400173?
4
What is the units digit of 4868971?
1
What is the units digit of 4812736?
6
What is the hundred thousands digit of 7867974?
8
What is the thousands digit of 3490768?
0
What is the hundr